{"id":589,"date":"2018-05-25T14:01:26","date_gmt":"2018-05-25T14:01:26","guid":{"rendered":"https:\/\/myhome.al\/?page_id=589"},"modified":"2020-01-21T14:21:06","modified_gmt":"2020-01-21T14:21:06","slug":"home-page","status":"publish","type":"page","link":"https:\/\/myhome.al\/","title":{"rendered":"Home"},"content":{"rendered":"<div class=\"wpb-content-wrapper\"><p>[vc_row][vc_column width=&#8221;1\/2&#8243;][vc_single_image image=&#8221;606&#8243; img_size=&#8221;300X300&#8243; alignment=&#8221;center&#8221;][\/vc_column][vc_column width=&#8221;1\/2&#8243;][vc_custom_heading text=&#8221;RRETH NESH&#8221; font_container=&#8221;tag:h3|text_align:left&#8221; google_fonts=&#8221;font_family:Libre%20Baskerville%3Aregular%2Citalic%2C700|font_style:700%20bold%20regular%3A700%3Anormal&#8221;][vc_column_text]<\/p>\n<p style=\"text-align: justify;\">My Home shpk \u00ebsht\u00eb themeluar n\u00eb vitin 1993 n\u00eb Tiran\u00eb, si nj\u00eb kompani prodhuese dhe tregtare. Q\u00eb prej asaj kohe kompania e ka zgjeruar aktivitetin e saj edhe n\u00eb fusha t\u00eb tjera duke u p\u00ebrshtatur me ritmin e shpejt\u00eb t\u00eb ndryshimeve dhe k\u00ebrkesave t\u00eb tregut shqiptar. N\u00eb vitet e saj t\u00eb para motoja e kompanis\u00eb ton\u00eb ka q\u00ebn\u00eb : \u201cFuqia jon\u00eb \u00ebsht\u00eb \u00e7mimi\u201d. Duke u mb\u00ebshtetur nga partner\u00eb t\u00eb huaj serioze dhe strategjike aktiviteti I kompanis\u00eb \u00ebsht\u00eb\u00a0zgjeruar dhe perfeksionuar. Kompania jon\u00eb duke shfryt\u00ebzuar p\u00ebrvoj\u00ebn e saj n\u00eb prodhim e ka shtrire aktivitetin e saj\u00a0edhe ne fush\u00ebn e nd\u00ebrtimit. Meq\u00ebn\u00ebse Shqip\u00ebria \u00ebsht\u00eb nj\u00eb vend I bekuar nga Dielli, kompania jon\u00eb ka ambicien t\u00eb fokusohet n\u00eb krijimin e energjis\u00eb s\u00eb gjelb\u00ebr, p\u00ebr t\u00eb ndotur sa m\u00eb pak ambjentin dhe p\u00ebr t\u00eb plot\u00ebsuar nevojat e tregut vendas dhe nd\u00ebrkombetar.<\/p>\n<p>[\/vc_column_text][\/vc_column][\/vc_row][vc_row][vc_column][vc_empty_space height=&#8221;42px&#8221;][\/vc_column][\/vc_row][vc_row bg_type=&#8221;bg_color&#8221; bg_override=&#8221;ex-full&#8221; bg_color_value=&#8221;#f4f4f4&#8243;][vc_column width=&#8221;1\/3&#8243;]\n<div tabindex=\"0\" id=\"interactive-banner-1-wrap-6459\" class=\"ult-banner-block ult-adjust-bottom-margin ult-bb-box  banner-style01 \"   style=\"\">\n\t<img decoding=\"async\" src=\"https:\/\/myhome.al\/wp-content\/uploads\/2018\/05\/Untitled-1-3.jpg\" alt=\"null\">\n\t<h3  data-ultimate-target='#interactive-banner-1-wrap-6459 .bb-top-title '  data-responsive-json-new='{\"font-size\":\"\",\"line-height\":\"\"}'  class=\"title-center bb-top-title ult-responsive\" style=\"font-weight:bold;background:#eb2227;color:#ffffff;\">SEKTORI I MOBILIEVE<\/h3>\n\t<div class=\"mask opaque-background\" style=\"background:rgba(36,36,36,0.01);\">\n\t\t<div  data-ultimate-target='#interactive-banner-1-wrap-6459 .bb-description'  data-responsive-json-new='{\"font-size\":\"\",\"line-height\":\"\"}'  class=\"bb-description ult-responsive\" style=\"font-weight:normal;color:#ffffff;\"><\/div>\n\t<\/div><a class=\"bb-link\" href=\"https:\/\/myhome.al\/index.php\/produkte\/\" ><\/a>\n<\/div>[\/vc_column][vc_column width=&#8221;1\/3&#8243;]\n<div tabindex=\"0\" id=\"interactive-banner-1-wrap-1363\" class=\"ult-banner-block ult-adjust-bottom-margin ult-bb-box  banner-style01 \"   style=\"\">\n\t<img decoding=\"async\" src=\"https:\/\/myhome.al\/wp-content\/uploads\/2018\/05\/F.png\" alt=\"null\">\n\t<h3  data-ultimate-target='#interactive-banner-1-wrap-1363 .bb-top-title '  data-responsive-json-new='{\"font-size\":\"\",\"line-height\":\"\"}'  class=\"title-center bb-top-title ult-responsive\" style=\"font-weight:bold;background:#eb2227;color:#ffffff;\">FUSHA ENERGJITIKE<\/h3>\n\t<div class=\"mask opaque-background\" style=\"background:rgba(36,36,36,0.01);\">\n\t\t<div  data-ultimate-target='#interactive-banner-1-wrap-1363 .bb-description'  data-responsive-json-new='{\"font-size\":\"\",\"line-height\":\"\"}'  class=\"bb-description ult-responsive\" style=\"font-weight:normal;color:#ffffff;\"><\/div>\n\t<\/div><a class=\"bb-link\" href=\"https:\/\/myhome.al\/index.php\/sherbime-energjitike\/\" ><\/a>\n<\/div>[\/vc_column][vc_column width=&#8221;1\/3&#8243;]\n<div tabindex=\"0\" id=\"interactive-banner-1-wrap-1466\" class=\"ult-banner-block ult-adjust-bottom-margin ult-bb-box  banner-style01 \"   style=\"\">\n\t<img decoding=\"async\" src=\"https:\/\/myhome.al\/wp-content\/uploads\/2018\/05\/D.png\" alt=\"null\">\n\t<h3  data-ultimate-target='#interactive-banner-1-wrap-1466 .bb-top-title '  data-responsive-json-new='{\"font-size\":\"\",\"line-height\":\"\"}'  class=\"title-center bb-top-title ult-responsive\" style=\"font-weight:bold;background:#eb2227;color:#ffffff;\">ND\u00cbRTIM<\/h3>\n\t<div class=\"mask opaque-background\" style=\"background:rgba(36,36,36,0.01);\">\n\t\t<div  data-ultimate-target='#interactive-banner-1-wrap-1466 .bb-description'  data-responsive-json-new='{\"font-size\":\"\",\"line-height\":\"\"}'  class=\"bb-description ult-responsive\" style=\"font-weight:normal;color:#ffffff;\"><\/div>\n\t<\/div><a class=\"bb-link\" href=\"https:\/\/myhome.al\/index.php\/ndertime\/\" ><\/a>\n<\/div>[\/vc_column][\/vc_row][vc_row bg_type=&#8221;image&#8221; parallax_style=&#8221;vcpb-default&#8221; bg_image_new=&#8221;id^616|url^https:\/\/myhome.al\/wp-content\/uploads\/2018\/05\/PARA.png|caption^null|alt^null|title^PARA|description^null&#8221; bg_image_repeat=&#8221;no-repeat&#8221; bg_override=&#8221;ex-full&#8221; css=&#8221;.vc_custom_1527261695249{margin-bottom: -70px !important;}&#8221;][vc_column width=&#8221;2\/3&#8243;][vc_empty_space height=&#8221;10px&#8221;][vc_custom_heading text=&#8221;N\u00ebse d\u00ebshironi t\u00eb bashk\u00ebpunoni me ne, na kontaktoni&#8221; font_container=&#8221;tag:h3|text_align:left|color:%23ffffff&#8221; google_fonts=&#8221;font_family:Libre%20Baskerville%3Aregular%2Citalic%2C700|font_style:700%20bold%20regular%3A700%3Anormal&#8221;][vc_empty_space height=&#8221;10px&#8221;][\/vc_column][vc_column width=&#8221;1\/3&#8243;][vc_empty_space height=&#8221;10px&#8221;][vc_btn title=&#8221;NA KONTAKTONI&#8221; style=&#8221;outline-custom&#8221; outline_custom_color=&#8221;#ffffff&#8221; outline_custom_hover_background=&#8221;#dd3333&#8243; outline_custom_hover_text=&#8221;#ffffff&#8221; shape=&#8221;square&#8221; link=&#8221;url:https%3A%2F%2Fmyhome.al%2Findex.php%2Fkontakt%2F|||&#8221;][vc_empty_space height=&#8221;10px&#8221;][\/vc_column][\/vc_row]<\/p>\n<\/div>","protected":false},"excerpt":{"rendered":"<p>[vc_row][vc_column width=&#8221;1\/2&#8243;][vc_single_image image=&#8221;606&#8243; img_size=&#8221;300X300&#8243; alignment=&#8221;center&#8221;][\/vc_column][vc_column width=&#8221;1\/2&#8243;][vc_custom_heading text=&#8221;RRETH NESH&#8221; font_container=&#8221;tag:h3|text_align:left&#8221; google_fonts=&#8221;font_family:Libre%20Baskerville%3Aregular%2Citalic%2C700|font_style:700%20bold%20regular%3A700%3Anormal&#8221;][vc_column_text] My Home shpk \u00ebsht\u00eb themeluar n\u00eb vitin 1993 n\u00eb Tiran\u00eb, si nj\u00eb kompani prodhuese dhe tregtare. Q\u00eb prej asaj kohe kompania e ka zgjeruar aktivitetin e saj edhe n\u00eb fusha t\u00eb tjera duke u p\u00ebrshtatur me ritmin e shpejt\u00eb t\u00eb ndryshimeve dhe k\u00ebrkesave t\u00eb tregut&hellip;<\/p>\n","protected":false},"author":3,"featured_media":0,"parent":0,"menu_order":0,"comment_status":"closed","ping_status":"closed","template":"","meta":{"footnotes":""},"class_list":["post-589","page","type-page","status-publish","hentry","description-off"],"_links":{"self":[{"href":"https:\/\/myhome.al\/index.php\/wp-json\/wp\/v2\/pages\/589","targetHints":{"allow":["GET"]}}],"collection":[{"href":"https:\/\/myhome.al\/index.php\/wp-json\/wp\/v2\/pages"}],"about":[{"href":"https:\/\/myhome.al\/index.php\/wp-json\/wp\/v2\/types\/page"}],"author":[{"embeddable":true,"href":"https:\/\/myhome.al\/index.php\/wp-json\/wp\/v2\/users\/3"}],"replies":[{"embeddable":true,"href":"https:\/\/myhome.al\/index.php\/wp-json\/wp\/v2\/comments?post=589"}],"version-history":[{"count":12,"href":"https:\/\/myhome.al\/index.php\/wp-json\/wp\/v2\/pages\/589\/revisions"}],"predecessor-version":[{"id":812,"href":"https:\/\/myhome.al\/index.php\/wp-json\/wp\/v2\/pages\/589\/revisions\/812"}],"wp:attachment":[{"href":"https:\/\/myhome.al\/index.php\/wp-json\/wp\/v2\/media?parent=589"}],"curies":[{"name":"wp","href":"https:\/\/api.w.org\/{rel}","templated":true}]}}